 the greatest common divisor of 4 and k?
1
Suppose 2*f + 10 = j - 6, -4*j = 3*f - 53. Calculate the greatest common factor of 70 and j.
14
Let o be (-2)/(1*(-3)/(5 - 2)). Suppose -o*n - 7*n + 108 = 0. What is the greatest common divisor of 156 and n?
12
Suppose -3 = 3*p, 3*p - 525 = -6*u + 2*u. Suppose 2*v + 9*w - 4*w - 39 = 0, 5*v - 72 = -4*w. What is the highest common factor of v and u?
12
Let o = 13 + -11. Suppose 41 = h + 4*c + 7, -32 = -o*h + c. Suppose -270 = -2*q - 3*q + 3*l, 0 = -l. What is the highest common factor of q and h?
18
Let a = -149 + 193. Let j(t) = 5*t**2. Let q be j(1). Suppose -q*k + 39 + 291 = 0. What is the highest common factor of k and a?
22
Suppose 5*g + 6 = 11. Let a(f) = g + 22*f - 23*f - 2. Let t be a(-9). Calculate the greatest common divisor of 32 and t.
8
Let i(a) = a**2 + a - 3. Let f be i(2). Suppose -4*m + 33 = f*j, -2 + 10 = m + j. Let r = 2 - -61. Calculate the greatest common factor of m and r.
9
Suppose -6 = -3*d, 0*d = 5*q + 2*d - 144. What is the highest common divisor of q and 4?
4
Suppose -f + 7 = -2*l, 5*f = 2*l + 3 + 24. Let i be l + 1 + 4 + -2. Suppose -i*k - 2*w = 3*k - 60, 0 = -3*w. What is the highest common factor of 12 and k?
12
Let v be ((-32)/(-12))/((-8)/(-12)). Calculate the highest common divisor of 52 and v.
4
Suppose -3*p = -0*p - 9. Suppose -r - a - a = 0, 0 = p*r - a - 35. Let i be 246/r + 2/5. What is the greatest common factor of i and 5?
5
Let b = -98 + 112. Calculate the greatest common factor of 707 and b.
7
Let d(z) = -z**3 - 3*z**2 + z - 13. Let b be d(-4). Let o be -11*(b/4 - 7/4). Calculate the greatest common divisor of o and 121.
11
Suppose -4*t = 2*u - 8, -2*u + 6*u - 3*t = 16. Suppose -252 = -u*y - 2*y. Calculate the greatest common factor of 21 and y.
21
Let f(m) = m**3 - 17*m**2 - 83*m + 51. Let y be f(21). What is the highest common factor of 552 and y?
24
Suppose -4*o = 5 - 1. Let x be o/(1*(0 + -1)). Let h be x + -1 + (-2)/(-1). What is the highest common divisor of h and 22?
2
Let i(k) = k**3 + 5*k**2 + k + 8. Let d = 27 + -31. Let b be i(d). What is the highest common divisor of b and 4?
4
Let m be 6/1 - (1524/(-4) - -3). Calculate the highest common factor of m and 120.
24
Suppose 3*g = -2*g + 290. Let h = 79 - g. Let f(t) = t + 21. Let a be f(0). What is the greatest common divisor of h and a?
21
Let m be ((-21)/3)/(2/(-54)). Suppose 6*a = 11*a - 90. Let r be (7/2)/(3/a). What is the greatest common divisor of m and r?
21
Suppose 0 = r - 6 - 10. Suppose -3*l + 2*d + 24 = 5, -11 = l - 5*d. Suppose 0 = c - 57 + l. What is the highest common factor of r and c?
16
Let a be (10 - 11)/((-2)/194). Let o = 145 - a. Calculate the highest common factor of 12 and o.
12
Let y(r) = -12*r**3 - r**2 - r. Let t be y(-1). Suppose 39*i = -40 + 4252. What is the highest common factor of t and i?
12
Let j = -807 - -862. Calculate the highest common factor of j and 374.
11
Suppose -32 = 8*o - 4*o. Let w(g) = -g**3 - 9*g**2 - 12*g + 2. Let p be w(o). Calculate the highest common divisor of 85 and p.
17
Suppose -4*b + 13 = 7*g - 2*g, -4*b = -g - 7. Suppose -4*z - 81 = -2*c - z, b*c - 78 = 4*z. What is the greatest common factor of c and 9?
9
Suppose -138 = -2*k - g, -g + 4*g = 3*k - 207. Calculate the highest common divisor of 414 and k.
69
Let n(h) = -18*h + 67. Let u be n(-20). Calculate the greatest common factor of u and 61.
61
Suppose 2*o + 4*c = 10, -4*o + c = -7*o + 15. What is the greatest common factor of o and 265?
5
Suppose -2 + 78 = p + 4*j, -3*p + 245 = -5*j. Calculate the greatest common divisor of p and 48.
16
Let d(o) = o**2 - 19*o + 23. Let m be (-21)/4*(5 + -6 + -3). Let t be d(m). Let z be (0 - 2/(-4))*26. What is the highest common factor of z and t?
13
Suppose 2*c - 9 - 31 = 0. Suppose 5*l = -11*l + 128. Calculate the highest common divisor of l and c.
4
Suppose 2*m = -6 + 30. Let z(p) = p**3 - 12*p**2 + 2*p - 10. Let u be z(m). What is the highest common divisor of u and 7?
7
Let w be -12*1/((0 - 6)/2). Let v be 34/w + (35/10 - 3). Let t = 75 - 39. Calculate the greatest common factor of v and t.
9
Let r be 7/2 - (-9)/(-18). What is the greatest common factor of 2 and r?
1
Suppose 2*q - 969 = -5*f, 16 = -5*q + 1. What is the highest common divisor of 468 and f?
39
Let d = -50 + 42. Let u be (-4)/(d/10)*70/25. What is the highest common factor of u and 7?
7
Let v = 391 + -152. Let g = -71 + v. Calculate the highest common factor of g and 24.
24
Suppose 30*f + 520 = 34*f. Calculate the greatest common divisor of 80 and f.
10
Let p(l) = l**2 + 5. Let v be p(6). Calculate the greatest common divisor of v and 328.
41
Suppose 13*v + 10 = 62. What is the highest common divisor of 2 and v?
2
Suppose 8*r = 74*r - 1320. Calculate the greatest common factor of 10 and r.
10
Let s(x) = 4*x**3 - 17*x**2 + 76*x + 5. Let d be s(6). Calculate the highest common factor of 23 and d.
23
Let o(u) = 5 - u**3 + 2*u - u**2 - 1 - 2. Let t be o(-2). Let k be (-176)/(-12) - t/3. What is the highest common divisor of k and 7?
7
Let a be 225/20 - (-1)/(-4). Let k = 233 - 145. Calculate the highest common divisor of a and k.
11
Let f be -30 - (-2 + 0 - -2). Let y be 459/15 + 18/f. What is the highest common factor of 10 and y?
10
Let c = 75 + -63. Calculate the greatest common divisor of 48 and c.
12
Let y = -522 - -592. Calculate the greatest common divisor of 14 and y.
14
Let t(v) = -v**2 + 25*v + 19. Let d be t(13). Suppose 13 = -3*s + d. Suppose -5*f + 97 = 2*k, f = k - 21 - 10. What is the highest common divisor of k and s?
18
Let u = 38 - -97. Let w = -121 + 175. What is the highest common factor of u and w?
27
Suppose i = -2*v - v + 19, -i + 15 = 2*v. Suppose -2*d + 60 = 4*g, 4*d - 3*g - 140 = -i*g. Calculate the highest common factor of 5 and d.
5
Let y be (-10*3)/(3/(-6)*2). What is the greatest common factor of y and 30?
30
Let v be -3 + (0 - -3) + 3. Let z be (-6)/v*(-42)/3. Calculate the greatest common factor of 70 and z.
14
Let p = 139 + -94. Calculate the highest common divisor of 3 and p.
3
Suppose 2*o = 22 + 2. Calculate the highest common divisor of 81 and o.
3
Let f be ((-27)/15)/((-2)/30). Suppose 3*n + 3*m - 51 = 0, 0 = 3*n - m - 28 - f. Let p = -16 - -28. Calculate the greatest common divisor of p and n.
6
Suppose 0 = 8*m - 46 - 34. What is the highest common divisor of m and 15?
5
Let u be 46/4*(10 - 0). Let d = -317 - -363. Calculate the highest common factor of d and u.
23
Suppose 0 = 3*v + v - 112. Suppose -2*u + 3*g = -7, 0*u - v = -3*u + g. Suppose -16*h + 81 + 69 + 26 = 0. Calculate the highest common factor of h and u.
11
Let s(m) = -m**2 + 3*m + 3. Let v be s(3). Suppose n = -v*n - 20. Let i(f) = -f. Let q be i(n). Calculate the highest common divisor of 2 and q.
1
Let j be 554/62 - (-14)/217. Let w(c) = 9*c**2. Suppose -5*b + 8 = -4*b + h, 0 = b + 4*h - 23. Let u be w(b). What is the highest common divisor of u and j?
9
Suppose -59*g + 2901 = 246. Suppose -r + 25 = 4*r + 2*n, -3*n = -3*r + 15. Calculate the highest common factor of g and r.
5
Let u(j) = 42*j + 19. Let l be u(1). Calculate the greatest common factor of l and 1.
1
Suppose -6*n + 50 = 2*b - 4*n, -3*n = -2*b + 45. Suppose 0 = -d + 15 + 9. What is the highest common divisor of d and b?
24
Let j(r) = -2*r - 1. Suppose 4 = -n + 3*z + 3, -5 = 5*n + 2*z. Let x be j(n). Calculate the highest common factor of x and 1.
1
Let c(d) be the second derivative of -1/6*d**3 + 0 + 2*d**2 - 4*d. Let o be c(-8). What is the highest common factor of o and 108?
12
Let b = 147 - 78. Let l be 102 - (-3)/(-9)*3. Let o = l - 55. What is the highest common divisor of b and o?
23
Let f(o) = -o**2 - 6*o - 3. Let i be f(-5). Let z = -6 + i. Let l be (-6)/12 + (-42)/z. Calculate the highest common factor of 80 and l.
10
Suppose -14 = 2*i - 116. Suppose -16 = 4*n, -4*a - 14 = 2*n - 142. Calculate the highest common divisor of i and a.
17
Let z(g) = 6*g**2 - g + 2. Let b be z(2). Let w = -44 + 51. Suppose h = -0*h + 4*q + 7, 2*h - q = w. Calculate the highest common factor of b and h.
3
Let f be (2 - 108/(-30)) + (-6)/(-15). Let k(g) = 0*g - 4*g + 14 + 2*g. Let h be k(f). Calculate the greatest common factor of 1 and h.
1
Let c = 400 + 223. Suppose -3*h = 2*q - 421, -3*q + 7*h - 3*h + c = 0. Calculate the highest common d